{"id":35417,"date":"2025-01-07T12:14:38","date_gmt":"2025-01-07T11:14:38","guid":{"rendered":"https:\/\/operakrolewska.pl\/?post_type=artysci&#038;p=35417"},"modified":"2026-02-25T14:46:58","modified_gmt":"2026-02-25T13:46:58","slug":"karol-knapinski","status":"publish","type":"artysci","link":"https:\/\/operakrolewska.pl\/en\/artysci\/karol-knapinski\/","title":{"rendered":"KAROL KNAPI\u0143SKI"},"content":{"rendered":"\n<p>A graduate of the Karol Lipi\u0144ski Academy of Music in Wroc\u0142aw, where he studied piano, choral conducting, and symphonic conducting (in the classes of Prof. Grzegorz Kurzy\u0144ski, Prof. Agnieszka Frank\u00f3w-\u017belazny, and Prof. Mieczys\u0142aw Gawro\u0144ski). He completed part of his studies at the Estonian Academy of Music and Theatre in Tallinn (Eesti Muusika- ja Teatriakadeemia). He also pursued studies and collaborated with higher education institutions in Turin and Tbilisi. He had the opportunity to learn from such masters as Christoph Eschenbach, Marin Alsop, Paul McCreesh, Sylvain Cambreling, Lionel Sow, and Jaan-Eik Tulve.<\/p>\n\n\n\n<p>As a conductor, he has worked with the orchestras of the Sudeten Philharmonic, the Lower Silesian Philharmonic, the Zielona G\u00f3ra Philharmonic, as well as various academic orchestras. He has also performed with some of the finest choral ensembles in Poland: the NFM Choir, the Polish Radio Choir \u2013 Lus\u0142awice, Cantores Minores Wratislaviensis, and academic choirs from Wroc\u0142aw, Bydgoszcz, Pozna\u0144, and \u0141\u00f3d\u017a. He is the co-founder of the vocal ensemble P\u00f3\u0142.ch\u00f3r, with which he has given concerts in Poland and abroad, presenting masterpieces from the 14th, 15th, and 16th centuries as well as contemporary works. In addition, as a pianist and conductor, he has collaborated with the Europa Chor Akademie G\u00f6rlitz, the NFM Boys\u2019 Choir, and the Polish National Youth Choir.<\/p>\n\n\n\n<p>He is the recipient of the 3rd Prize and the Special Prize of Cantores Minores Wratislaviensis at the 10th International Tournament of Choral Conducting \u201cTowards Polyphony\u201d (2025). He also received the 2nd Prize and several special awards at the 19th Stanis\u0142aw Kulczy\u0144ski National\u00a0Choir\u00a0Conducting Competition in Pozna\u0144.<\/p>\n\n\n\n<p>The artist has a keen interest in new music. He has had numerous opportunities to perform and premiere works by young composers, including at the Musica Electronica Nova festival. In the 2025\/2026 season, he is a participant in the Hashtag Ensemble&#8217;s PRO Academy mentoring program, giving him the opportunity to perform with the group as a conductor. He has also attended several editions of the New Music Summer Courses in Bydgoszcz, where he studied with Szymon Bywalec, Martyna Zakrzewska, Adam Ko\u015bmieja, and Joanna Freszel. He further developed his interest in literature during his Polish philology studies at the University of Wroc\u0142aw.<\/p>\n\n\n\n<p>In January 2025, he assumed the position of Director of the Chorus of the Polish Royal Opera.<\/p>\n\n\n\n<div style=\"height:50px\" aria-hidden=\"true\" class=\"wp-block-spacer\"><\/div>\n\n\n\n<p>Photo: Grzegorz Kubiak<\/p>\n","protected":false},"featured_media":42506,"parent":0,"template":"","class_list":["post-35417","artysci","type-artysci","status-publish","has-post-thumbnail","hentry"],"acf":[],"yoast_head":"<!-- This site is optimized with the Yoast SEO plugin v26.2 - https:\/\/yoast.com\/wordpress\/plugins\/seo\/ -->\n<title>KAROL KNAPI\u0143SKI - Polska Opera Kr&oacute;lewska<\/title>\n<meta name=\"robots\" content=\"index, follow, max-snippet:-1, max-image-preview:large, max-video-preview:-1\" \/>\n<link rel=\"canonical\" href=\"https:\/\/operakrolewska.pl\/en\/artysci\/karol-knapinski\/\" \/>\n<meta property=\"og:locale\" content=\"en_US\" \/>\n<meta property=\"og:type\" content=\"article\" \/>\n<meta property=\"og:title\" content=\"KAROL KNAPI\u0143SKI - Polska Opera Kr&oacute;lewska\" \/>\n<meta property=\"og:description\" content=\"A graduate of the Karol Lipi\u0144ski Academy of Music in Wroc\u0142aw, where he studied piano, choral conducting, and symphonic conducting (in the classes of Prof. Grzegorz Kurzy\u0144ski, Prof. Agnieszka Frank\u00f3w-\u017belazny, and Prof. Mieczys\u0142aw Gawro\u0144ski). He completed part of his studies at the Estonian Academy of Music and Theatre in Tallinn (Eesti Muusika- ja Teatriakadeemia). He [&hellip;]\" \/>\n<meta property=\"og:url\" content=\"https:\/\/operakrolewska.pl\/en\/artysci\/karol-knapinski\/\" \/>\n<meta property=\"og:site_name\" content=\"Polska Opera Kr&oacute;lewska\" \/>\n<meta property=\"article:publisher\" content=\"https:\/\/web.facebook.com\/PolskaOperaKrolewska\/\" \/>\n<meta property=\"article:modified_time\" content=\"2026-02-25T13:46:58+00:00\" \/>\n<meta property=\"og:image\" content=\"https:\/\/operakrolewska.pl\/wp-content\/uploads\/2025\/01\/img_1497.jpeg\" \/>\n\t<meta property=\"og:image:width\" content=\"2048\" \/>\n\t<meta property=\"og:image:height\" content=\"1365\" \/>\n\t<meta property=\"og:image:type\" content=\"image\/jpeg\" \/>\n<meta name=\"twitter:card\" content=\"summary_large_image\" \/>\n<meta name=\"twitter:label1\" content=\"Est. reading time\" \/>\n\t<meta name=\"twitter:data1\" content=\"3 minutes\" \/>\n<script type=\"application\/ld+json\" class=\"yoast-schema-graph\">{\"@context\":\"https:\/\/schema.org\",\"@graph\":[{\"@type\":\"WebPage\",\"@id\":\"https:\/\/operakrolewska.pl\/en\/artysci\/karol-knapinski\/\",\"url\":\"https:\/\/operakrolewska.pl\/en\/artysci\/karol-knapinski\/\",\"name\":\"KAROL KNAPI\u0143SKI - Polska Opera Kr&oacute;lewska\",\"isPartOf\":{\"@id\":\"https:\/\/operakrolewska.pl\/#website\"},\"primaryImageOfPage\":{\"@id\":\"https:\/\/operakrolewska.pl\/en\/artysci\/karol-knapinski\/#primaryimage\"},\"image\":{\"@id\":\"https:\/\/operakrolewska.pl\/en\/artysci\/karol-knapinski\/#primaryimage\"},\"thumbnailUrl\":\"https:\/\/operakrolewska.pl\/wp-content\/uploads\/2025\/01\/img_1497.jpeg\",\"datePublished\":\"2025-01-07T11:14:38+00:00\",\"dateModified\":\"2026-02-25T13:46:58+00:00\",\"breadcrumb\":{\"@id\":\"https:\/\/operakrolewska.pl\/en\/artysci\/karol-knapinski\/#breadcrumb\"},\"inLanguage\":\"en-US\",\"potentialAction\":[{\"@type\":\"ReadAction\",\"target\":[\"https:\/\/operakrolewska.pl\/en\/artysci\/karol-knapinski\/\"]}]},{\"@type\":\"ImageObject\",\"inLanguage\":\"en-US\",\"@id\":\"https:\/\/operakrolewska.pl\/en\/artysci\/karol-knapinski\/#primaryimage\",\"url\":\"https:\/\/operakrolewska.pl\/wp-content\/uploads\/2025\/01\/img_1497.jpeg\",\"contentUrl\":\"https:\/\/operakrolewska.pl\/wp-content\/uploads\/2025\/01\/img_1497.jpeg\",\"width\":2048,\"height\":1365},{\"@type\":\"BreadcrumbList\",\"@id\":\"https:\/\/operakrolewska.pl\/en\/artysci\/karol-knapinski\/#breadcrumb\",\"itemListElement\":[{\"@type\":\"ListItem\",\"position\":1,\"name\":\"Strona g\u0142\u00f3wna\",\"item\":\"https:\/\/operakrolewska.pl\/en\/\"},{\"@type\":\"ListItem\",\"position\":2,\"name\":\"artysci\",\"item\":\"https:\/\/operakrolewska.pl\/en\/artysci\/\"},{\"@type\":\"ListItem\",\"position\":3,\"name\":\"KAROL KNAPI\u0143SKI\"}]},{\"@type\":\"WebSite\",\"@id\":\"https:\/\/operakrolewska.pl\/#website\",\"url\":\"https:\/\/operakrolewska.pl\/\",\"name\":\"Polska Opera Kr&oacute;lewska\",\"description\":\"Polska Opera Kr&oacute;lewska\",\"publisher\":{\"@id\":\"https:\/\/operakrolewska.pl\/#organization\"},\"potentialAction\":[{\"@type\":\"SearchAction\",\"target\":{\"@type\":\"EntryPoint\",\"urlTemplate\":\"https:\/\/operakrolewska.pl\/?s={search_term_string}\"},\"query-input\":{\"@type\":\"PropertyValueSpecification\",\"valueRequired\":true,\"valueName\":\"search_term_string\"}}],\"inLanguage\":\"en-US\"},{\"@type\":\"Organization\",\"@id\":\"https:\/\/operakrolewska.pl\/#organization\",\"name\":\"Polska Opera Kr\u00f3lewska\",\"url\":\"https:\/\/operakrolewska.pl\/\",\"logo\":{\"@type\":\"ImageObject\",\"inLanguage\":\"en-US\",\"@id\":\"https:\/\/operakrolewska.pl\/#\/schema\/logo\/image\/\",\"url\":\"https:\/\/operakrolewska.pl\/wp-content\/uploads\/2017\/12\/logo-pok-czerwone_rgb-e1583499221374.jpg\",\"contentUrl\":\"https:\/\/operakrolewska.pl\/wp-content\/uploads\/2017\/12\/logo-pok-czerwone_rgb-e1583499221374.jpg\",\"width\":250,\"height\":108,\"caption\":\"Polska Opera Kr\u00f3lewska\"},\"image\":{\"@id\":\"https:\/\/operakrolewska.pl\/#\/schema\/logo\/image\/\"},\"sameAs\":[\"https:\/\/web.facebook.com\/PolskaOperaKrolewska\/\"]}]}<\/script>\n<!-- \/ Yoast SEO plugin. -->","yoast_head_json":{"title":"KAROL KNAPI\u0143SKI - Polska Opera Kr&oacute;lewska","robots":{"index":"index","follow":"follow","max-snippet":"max-snippet:-1","max-image-preview":"max-image-preview:large","max-video-preview":"max-video-preview:-1"},"canonical":"https:\/\/operakrolewska.pl\/en\/artysci\/karol-knapinski\/","og_locale":"en_US","og_type":"article","og_title":"KAROL KNAPI\u0143SKI - Polska Opera Kr&oacute;lewska","og_description":"A graduate of the Karol Lipi\u0144ski Academy of Music in Wroc\u0142aw, where he studied piano, choral conducting, and symphonic conducting (in the classes of Prof. Grzegorz Kurzy\u0144ski, Prof. Agnieszka Frank\u00f3w-\u017belazny, and Prof. Mieczys\u0142aw Gawro\u0144ski). He completed part of his studies at the Estonian Academy of Music and Theatre in Tallinn (Eesti Muusika- ja Teatriakadeemia). He [&hellip;]","og_url":"https:\/\/operakrolewska.pl\/en\/artysci\/karol-knapinski\/","og_site_name":"Polska Opera Kr&oacute;lewska","article_publisher":"https:\/\/web.facebook.com\/PolskaOperaKrolewska\/","article_modified_time":"2026-02-25T13:46:58+00:00","og_image":[{"width":2048,"height":1365,"url":"https:\/\/operakrolewska.pl\/wp-content\/uploads\/2025\/01\/img_1497.jpeg","type":"image\/jpeg"}],"twitter_card":"summary_large_image","twitter_misc":{"Est. reading time":"3 minutes"},"schema":{"@context":"https:\/\/schema.org","@graph":[{"@type":"WebPage","@id":"https:\/\/operakrolewska.pl\/en\/artysci\/karol-knapinski\/","url":"https:\/\/operakrolewska.pl\/en\/artysci\/karol-knapinski\/","name":"KAROL KNAPI\u0143SKI - Polska Opera Kr&oacute;lewska","isPartOf":{"@id":"https:\/\/operakrolewska.pl\/#website"},"primaryImageOfPage":{"@id":"https:\/\/operakrolewska.pl\/en\/artysci\/karol-knapinski\/#primaryimage"},"image":{"@id":"https:\/\/operakrolewska.pl\/en\/artysci\/karol-knapinski\/#primaryimage"},"thumbnailUrl":"https:\/\/operakrolewska.pl\/wp-content\/uploads\/2025\/01\/img_1497.jpeg","datePublished":"2025-01-07T11:14:38+00:00","dateModified":"2026-02-25T13:46:58+00:00","breadcrumb":{"@id":"https:\/\/operakrolewska.pl\/en\/artysci\/karol-knapinski\/#breadcrumb"},"inLanguage":"en-US","potentialAction":[{"@type":"ReadAction","target":["https:\/\/operakrolewska.pl\/en\/artysci\/karol-knapinski\/"]}]},{"@type":"ImageObject","inLanguage":"en-US","@id":"https:\/\/operakrolewska.pl\/en\/artysci\/karol-knapinski\/#primaryimage","url":"https:\/\/operakrolewska.pl\/wp-content\/uploads\/2025\/01\/img_1497.jpeg","contentUrl":"https:\/\/operakrolewska.pl\/wp-content\/uploads\/2025\/01\/img_1497.jpeg","width":2048,"height":1365},{"@type":"BreadcrumbList","@id":"https:\/\/operakrolewska.pl\/en\/artysci\/karol-knapinski\/#breadcrumb","itemListElement":[{"@type":"ListItem","position":1,"name":"Strona g\u0142\u00f3wna","item":"https:\/\/operakrolewska.pl\/en\/"},{"@type":"ListItem","position":2,"name":"artysci","item":"https:\/\/operakrolewska.pl\/en\/artysci\/"},{"@type":"ListItem","position":3,"name":"KAROL KNAPI\u0143SKI"}]},{"@type":"WebSite","@id":"https:\/\/operakrolewska.pl\/#website","url":"https:\/\/operakrolewska.pl\/","name":"Polska Opera Kr&oacute;lewska","description":"Polska Opera Kr&oacute;lewska","publisher":{"@id":"https:\/\/operakrolewska.pl\/#organization"},"potentialAction":[{"@type":"SearchAction","target":{"@type":"EntryPoint","urlTemplate":"https:\/\/operakrolewska.pl\/?s={search_term_string}"},"query-input":{"@type":"PropertyValueSpecification","valueRequired":true,"valueName":"search_term_string"}}],"inLanguage":"en-US"},{"@type":"Organization","@id":"https:\/\/operakrolewska.pl\/#organization","name":"Polska Opera Kr\u00f3lewska","url":"https:\/\/operakrolewska.pl\/","logo":{"@type":"ImageObject","inLanguage":"en-US","@id":"https:\/\/operakrolewska.pl\/#\/schema\/logo\/image\/","url":"https:\/\/operakrolewska.pl\/wp-content\/uploads\/2017\/12\/logo-pok-czerwone_rgb-e1583499221374.jpg","contentUrl":"https:\/\/operakrolewska.pl\/wp-content\/uploads\/2017\/12\/logo-pok-czerwone_rgb-e1583499221374.jpg","width":250,"height":108,"caption":"Polska Opera Kr\u00f3lewska"},"image":{"@id":"https:\/\/operakrolewska.pl\/#\/schema\/logo\/image\/"},"sameAs":["https:\/\/web.facebook.com\/PolskaOperaKrolewska\/"]}]}},"taxonomy_info":[],"featured_image_src_large":["https:\/\/operakrolewska.pl\/wp-content\/uploads\/2025\/01\/img_1497-1024x683.jpeg",640,427,true],"author_info":[],"comment_info":"","_links":{"self":[{"href":"https:\/\/operakrolewska.pl\/en\/wp-json\/wp\/v2\/artysci\/35417","targetHints":{"allow":["GET"]}}],"collection":[{"href":"https:\/\/operakrolewska.pl\/en\/wp-json\/wp\/v2\/artysci"}],"about":[{"href":"https:\/\/operakrolewska.pl\/en\/wp-json\/wp\/v2\/types\/artysci"}],"wp:featuredmedia":[{"embeddable":true,"href":"https:\/\/operakrolewska.pl\/en\/wp-json\/wp\/v2\/media\/42506"}],"wp:attachment":[{"href":"https:\/\/operakrolewska.pl\/en\/wp-json\/wp\/v2\/media?parent=35417"}],"curies":[{"name":"wp","href":"https:\/\/api.w.org\/{rel}","templated":true}]}}

KAROL KNAPIŃSKI

<p>A graduate of the Karol Lipiński Academy of Music in Wrocław, where he studied piano, choral conducting, and symphonic conducting (in the classes of Prof. Grzegorz Kurzyński, Prof. Agnieszka Franków-Żelazny, and Prof. Mieczysław Gawroński). He completed part of his studies at the Estonian Academy of Music and Theatre in Tallinn (Eesti Muusika- ja Teatriakadeemia). He also pursued studies and collaborated with higher education institutions in Turin and Tbilisi. He had the opportunity to learn from such masters as Christoph Eschenbach, Marin Alsop, Paul McCreesh, Sylvain Cambreling, Lionel Sow, and Jaan-Eik Tulve.</p>



<p>As a conductor, he has worked with the orchestras of the Sudeten Philharmonic, the Lower Silesian Philharmonic, the Zielona Góra Philharmonic, as well as various academic orchestras. He has also performed with some of the finest choral ensembles in Poland: the NFM Choir, the Polish Radio Choir – Lusławice, Cantores Minores Wratislaviensis, and academic choirs from Wrocław, Bydgoszcz, Poznań, and Łódź. He is the co-founder of the vocal ensemble Pół.chór, with which he has given concerts in Poland and abroad, presenting masterpieces from the 14th, 15th, and 16th centuries as well as contemporary works. In addition, as a pianist and conductor, he has collaborated with the Europa Chor Akademie Görlitz, the NFM Boys’ Choir, and the Polish National Youth Choir.</p>



<p>He is the recipient of the 3rd Prize and the Special Prize of Cantores Minores Wratislaviensis at the 10th International Tournament of Choral Conducting “Towards Polyphony” (2025). He also received the 2nd Prize and several special awards at the 19th Stanisław Kulczyński National Choir Conducting Competition in Poznań.</p>



<p>The artist has a keen interest in new music. He has had numerous opportunities to perform and premiere works by young composers, including at the Musica Electronica Nova festival. In the 2025/2026 season, he is a participant in the Hashtag Ensemble&#8217;s PRO Academy mentoring program, giving him the opportunity to perform with the group as a conductor. He has also attended several editions of the New Music Summer Courses in Bydgoszcz, where he studied with Szymon Bywalec, Martyna Zakrzewska, Adam Kośmieja, and Joanna Freszel. He further developed his interest in literature during his Polish philology studies at the University of Wrocław.</p>



<p>In January 2025, he assumed the position of Director of the Chorus of the Polish Royal Opera.</p>



<div style="height:50px" aria-hidden="true" class="wp-block-spacer"></div>



<p>Photo: Grzegorz Kubiak</p>

<!-- This site is optimized with the Yoast SEO plugin v26.2 - https://yoast.com/wordpress/plugins/seo/ -->
<title>KAROL KNAPIŃSKI - Polska Opera Kr&oacute;lewska</title>
<meta name="robots" content="index, follow, max-snippet:-1, max-image-preview:large, max-video-preview:-1" />
<link rel="canonical" href="https://operakrolewska.pl/en/artysci/karol-knapinski/" />
<meta property="og:locale" content="en_US" />
<meta property="og:type" content="article" />
<meta property="og:title" content="KAROL KNAPIŃSKI - Polska Opera Kr&oacute;lewska" />
<meta property="og:description" content="A graduate of the Karol Lipiński Academy of Music in Wrocław, where he studied piano, choral conducting, and symphonic conducting (in the classes of Prof. Grzegorz Kurzyński, Prof. Agnieszka Franków-Żelazny, and Prof. Mieczysław Gawroński). He completed part of his studies at the Estonian Academy of Music and Theatre in Tallinn (Eesti Muusika- ja Teatriakadeemia). He [&hellip;]" />
<meta property="og:url" content="https://operakrolewska.pl/en/artysci/karol-knapinski/" />
<meta property="og:site_name" content="Polska Opera Kr&oacute;lewska" />
<meta property="article:publisher" content="https://web.facebook.com/PolskaOperaKrolewska/" />
<meta property="article:modified_time" content="2026-02-25T13:46:58+00:00" />
<meta property="og:image" content="https://operakrolewska.pl/wp-content/uploads/2025/01/img_1497.jpeg" />
	<meta property="og:image:width" content="2048" />
	<meta property="og:image:height" content="1365" />
	<meta property="og:image:type" content="image/jpeg" />
<meta name="twitter:card" content="summary_large_image" />
<meta name="twitter:label1" content="Est. reading time" />
	<meta name="twitter:data1" content="3 minutes" />
<script type="application/ld+json" class="yoast-schema-graph">{"@context":"https://schema.org","@graph":[{"@type":"WebPage","@id":"https://operakrolewska.pl/en/artysci/karol-knapinski/","url":"https://operakrolewska.pl/en/artysci/karol-knapinski/","name":"KAROL KNAPIŃSKI - Polska Opera Kr&oacute;lewska","isPartOf":{"@id":"https://operakrolewska.pl/#website"},"primaryImageOfPage":{"@id":"https://operakrolewska.pl/en/artysci/karol-knapinski/#primaryimage"},"image":{"@id":"https://operakrolewska.pl/en/artysci/karol-knapinski/#primaryimage"},"thumbnailUrl":"https://operakrolewska.pl/wp-content/uploads/2025/01/img_1497.jpeg","datePublished":"2025-01-07T11:14:38+00:00","dateModified":"2026-02-25T13:46:58+00:00","breadcrumb":{"@id":"https://operakrolewska.pl/en/artysci/karol-knapinski/#breadcrumb"},"inLanguage":"en-US","potentialAction":[{"@type":"ReadAction","target":["https://operakrolewska.pl/en/artysci/karol-knapinski/"]}]},{"@type":"ImageObject","inLanguage":"en-US","@id":"https://operakrolewska.pl/en/artysci/karol-knapinski/#primaryimage","url":"https://operakrolewska.pl/wp-content/uploads/2025/01/img_1497.jpeg","contentUrl":"https://operakrolewska.pl/wp-content/uploads/2025/01/img_1497.jpeg","width":2048,"height":1365},{"@type":"BreadcrumbList","@id":"https://operakrolewska.pl/en/artysci/karol-knapinski/#breadcrumb","itemListElement":[{"@type":"ListItem","position":1,"name":"Strona główna","item":"https://operakrolewska.pl/en/"},{"@type":"ListItem","position":2,"name":"artysci","item":"https://operakrolewska.pl/en/artysci/"},{"@type":"ListItem","position":3,"name":"KAROL KNAPIŃSKI"}]},{"@type":"WebSite","@id":"https://operakrolewska.pl/#website","url":"https://operakrolewska.pl/","name":"Polska Opera Kr&oacute;lewska","description":"Polska Opera Kr&oacute;lewska","publisher":{"@id":"https://operakrolewska.pl/#organization"},"potentialAction":[{"@type":"SearchAction","target":{"@type":"EntryPoint","urlTemplate":"https://operakrolewska.pl/?s={search_term_string}"},"query-input":{"@type":"PropertyValueSpecification","valueRequired":true,"valueName":"search_term_string"}}],"inLanguage":"en-US"},{"@type":"Organization","@id":"https://operakrolewska.pl/#organization","name":"Polska Opera Królewska","url":"https://operakrolewska.pl/","logo":{"@type":"ImageObject","inLanguage":"en-US","@id":"https://operakrolewska.pl/#/schema/logo/image/","url":"https://operakrolewska.pl/wp-content/uploads/2017/12/logo-pok-czerwone_rgb-e1583499221374.jpg","contentUrl":"https://operakrolewska.pl/wp-content/uploads/2017/12/logo-pok-czerwone_rgb-e1583499221374.jpg","width":250,"height":108,"caption":"Polska Opera Królewska"},"image":{"@id":"https://operakrolewska.pl/#/schema/logo/image/"},"sameAs":["https://web.facebook.com/PolskaOperaKrolewska/"]}]}</script>
<!-- / Yoast SEO plugin. -->

KAROL KNAPIŃSKI - Polska Opera Kr&oacute;lewska

A graduate of the Karol Lipiński Academy of Music in Wrocław, where he studied piano, choral conducting, and symphonic conducting (in the classes of Prof. Grzegorz Kurzyński, Prof. Agnieszka Franków-Żelazny, and Prof. Mieczysław Gawroński). He completed part of his studies at the Estonian Academy of Music and Theatre in Tallinn (Eesti Muusika- ja Teatriakadeemia). He [&hellip;]

Strona główna

Polska Opera Królewska
