{"id":22173,"date":"2022-01-21T16:21:09","date_gmt":"2022-01-21T15:21:09","guid":{"rendered":"https:\/\/operakrolewska.pl\/?post_type=artysci&#038;p=22173"},"modified":"2022-01-21T18:20:46","modified_gmt":"2022-01-21T17:20:46","slug":"jakub-szafranski","status":"publish","type":"artysci","link":"https:\/\/operakrolewska.pl\/en\/artysci\/jakub-szafranski\/","title":{"rendered":"JAKUB SZAFRA\u0143SKI"},"content":{"rendered":"<p style=\"text-align: justify;\">Conductor and composer, a graduate of the Gra\u017cyna Bacewicz Public School of Music in Warsaw. He graduated from the Fryderyk Chopin University of Music with a master&#8217;s degree in choral conducting in the class of prof. Ryszard Zimak, and in composition in the class of prof. Pawe\u0142 \u0141ukaszewski.<\/p>\n<p style=\"text-align: justify;\">In 2012, Jakub Szafra\u0144ski founded the Male Vocal Group <em>Foyer<\/em>, of which he was the conductor and musical director. He currently works as the second conductor of the Choir of the Warsaw School of Economics (SGH) and as the second conductor and composer in the Archcathedral Male Choir <em>Cantores Minores<\/em>. In 2016, the Women&#8217;s Choir of the Warsaw School of Economics, led by him, won the 1st prize at the 1st International Cantu Gaudeamus Competition in Bia\u0142ystok. Also conducted by him, that same ensemble was awarded second prize (the first was not awarded) at The Prof. Georgi Dimitrov International May Choir Competition in Varna in the Men&#8217;s and Women&#8217;s Choirs category (2017). As a conductor, he also runs the senior&#8217;s choir &#8220;U\u015bmiech&#8221; at the \u015ar\u00f3dmie\u015bcie Cultural Center in Warsaw. He collaborated in projects with the choir of the University of Social Sciences and Humanities, the <em>Allegrez del Canto<\/em> choir, the Fryderyk Chopin University of Music choir, and many others.<\/p>\n<p style=\"text-align: justify;\">Jakub Szafra\u0144ski also conducts academic research focusing on Polish choral music from the interwar period and contemporary compositional techniques used in choral music (the latter topic was the focus of his doctoral dissertation). In 2013, on the basis of the manuscripts collected at Warsaw University Library, he reconstructed <em>Missa pro defunctis<\/em> by J.A. Maklakiewicz, and in April of the same year, he conducted the post-war premiere of this composition with the male vocal group <em>Amici<\/em> at the St. Martin church in Warsaw.<\/p>\n<p style=\"text-align: justify;\">In 2015, he founded the Artistic and Research Choir Conducting Club at the Fryderyk Chopin University of Music and since 2017, he has been working as a teacher at his alma mater. He also conducts educational activities outside the university, organizing choral workshops and a series of concerts &#8220;Klasycznie Niepowa\u017cni&#8221; at the KADR Cultural Center.<\/p>\n<p style=\"text-align: justify;\">Jakub Szafra\u0144ski&#8217;s compositions are performed at concerts and festivals all over the world. As a composer, he has received multiple awards during competitions, including the first prize at the 57th Tadeusz Baird Competition for Young Composers. His work is included in the repertoire of many Polish and foreign ensembles, such as the New Music Orchestra, the proMODERN vocal sextet, Art&#8217;n&#8217;Voices, Voces8, the Choir of Trinity College Cambridge, the Pozna\u0144 Chamber Choir, the Polish Chamber Choir, Kammerchor Hannover, World Youth Choir and Janua Muzika from Vilnius. Jakub Szafra\u0144ski&#8217;s works were published by Schott Music GmbH &amp; Co. KG Weihergarten, Walton Music, Ars Musica, Polska Muzyka Ch\u00f3ralna XXI, and many of them were also recorded and released on CDs.<\/p>\n<p>From January 2022, he is the Chorus Master of the Chorus of the Polish Royal Opera.<\/p>\n","protected":false},"featured_media":22135,"parent":0,"template":"","class_list":["post-22173","artysci","type-artysci","status-publish","has-post-thumbnail","hentry"],"acf":[],"yoast_head":"<!-- This site is optimized with the Yoast SEO plugin v26.2 - https:\/\/yoast.com\/wordpress\/plugins\/seo\/ -->\n<title>JAKUB SZAFRA\u0143SKI - Polska Opera Kr&oacute;lewska<\/title>\n<meta name=\"robots\" content=\"index, follow, max-snippet:-1, max-image-preview:large, max-video-preview:-1\" \/>\n<link rel=\"canonical\" href=\"https:\/\/operakrolewska.pl\/en\/artysci\/jakub-szafranski\/\" \/>\n<meta property=\"og:locale\" content=\"en_US\" \/>\n<meta property=\"og:type\" content=\"article\" \/>\n<meta property=\"og:title\" content=\"JAKUB SZAFRA\u0143SKI - Polska Opera Kr&oacute;lewska\" \/>\n<meta property=\"og:description\" content=\"Conductor and composer, a graduate of the Gra\u017cyna Bacewicz Public School of Music in Warsaw. He graduated from the Fryderyk Chopin University of Music with a master&#8217;s degree in choral conducting in the class of prof. Ryszard Zimak, and in composition in the class of prof. Pawe\u0142 \u0141ukaszewski. In 2012, Jakub Szafra\u0144ski founded the Male [&hellip;]\" \/>\n<meta property=\"og:url\" content=\"https:\/\/operakrolewska.pl\/en\/artysci\/jakub-szafranski\/\" \/>\n<meta property=\"og:site_name\" content=\"Polska Opera Kr&oacute;lewska\" \/>\n<meta property=\"article:publisher\" content=\"https:\/\/web.facebook.com\/PolskaOperaKrolewska\/\" \/>\n<meta property=\"article:modified_time\" content=\"2022-01-21T17:20:46+00:00\" \/>\n<meta property=\"og:image\" content=\"https:\/\/operakrolewska.pl\/wp-content\/uploads\/2022\/01\/dsc2608.jpg\" \/>\n\t<meta property=\"og:image:width\" content=\"1340\" \/>\n\t<meta property=\"og:image:height\" content=\"894\" \/>\n\t<meta property=\"og:image:type\" content=\"image\/jpeg\" \/>\n<meta name=\"twitter:card\" content=\"summary_large_image\" \/>\n<meta name=\"twitter:label1\" content=\"Est. reading time\" \/>\n\t<meta name=\"twitter:data1\" content=\"2 minutes\" \/>\n<script type=\"application\/ld+json\" class=\"yoast-schema-graph\">{\"@context\":\"https:\/\/schema.org\",\"@graph\":[{\"@type\":\"WebPage\",\"@id\":\"https:\/\/operakrolewska.pl\/en\/artysci\/jakub-szafranski\/\",\"url\":\"https:\/\/operakrolewska.pl\/en\/artysci\/jakub-szafranski\/\",\"name\":\"JAKUB SZAFRA\u0143SKI - Polska Opera Kr&oacute;lewska\",\"isPartOf\":{\"@id\":\"https:\/\/operakrolewska.pl\/#website\"},\"primaryImageOfPage\":{\"@id\":\"https:\/\/operakrolewska.pl\/en\/artysci\/jakub-szafranski\/#primaryimage\"},\"image\":{\"@id\":\"https:\/\/operakrolewska.pl\/en\/artysci\/jakub-szafranski\/#primaryimage\"},\"thumbnailUrl\":\"https:\/\/operakrolewska.pl\/wp-content\/uploads\/2022\/01\/dsc2608.jpg\",\"datePublished\":\"2022-01-21T15:21:09+00:00\",\"dateModified\":\"2022-01-21T17:20:46+00:00\",\"breadcrumb\":{\"@id\":\"https:\/\/operakrolewska.pl\/en\/artysci\/jakub-szafranski\/#breadcrumb\"},\"inLanguage\":\"en-US\",\"potentialAction\":[{\"@type\":\"ReadAction\",\"target\":[\"https:\/\/operakrolewska.pl\/en\/artysci\/jakub-szafranski\/\"]}]},{\"@type\":\"ImageObject\",\"inLanguage\":\"en-US\",\"@id\":\"https:\/\/operakrolewska.pl\/en\/artysci\/jakub-szafranski\/#primaryimage\",\"url\":\"https:\/\/operakrolewska.pl\/wp-content\/uploads\/2022\/01\/dsc2608.jpg\",\"contentUrl\":\"https:\/\/operakrolewska.pl\/wp-content\/uploads\/2022\/01\/dsc2608.jpg\",\"width\":1340,\"height\":894},{\"@type\":\"BreadcrumbList\",\"@id\":\"https:\/\/operakrolewska.pl\/en\/artysci\/jakub-szafranski\/#breadcrumb\",\"itemListElement\":[{\"@type\":\"ListItem\",\"position\":1,\"name\":\"Strona g\u0142\u00f3wna\",\"item\":\"https:\/\/operakrolewska.pl\/en\/\"},{\"@type\":\"ListItem\",\"position\":2,\"name\":\"artysci\",\"item\":\"https:\/\/operakrolewska.pl\/en\/artysci\/\"},{\"@type\":\"ListItem\",\"position\":3,\"name\":\"JAKUB SZAFRA\u0143SKI\"}]},{\"@type\":\"WebSite\",\"@id\":\"https:\/\/operakrolewska.pl\/#website\",\"url\":\"https:\/\/operakrolewska.pl\/\",\"name\":\"Polska Opera Kr&oacute;lewska\",\"description\":\"Polska Opera Kr&oacute;lewska\",\"publisher\":{\"@id\":\"https:\/\/operakrolewska.pl\/#organization\"},\"potentialAction\":[{\"@type\":\"SearchAction\",\"target\":{\"@type\":\"EntryPoint\",\"urlTemplate\":\"https:\/\/operakrolewska.pl\/?s={search_term_string}\"},\"query-input\":{\"@type\":\"PropertyValueSpecification\",\"valueRequired\":true,\"valueName\":\"search_term_string\"}}],\"inLanguage\":\"en-US\"},{\"@type\":\"Organization\",\"@id\":\"https:\/\/operakrolewska.pl\/#organization\",\"name\":\"Polska Opera Kr\u00f3lewska\",\"url\":\"https:\/\/operakrolewska.pl\/\",\"logo\":{\"@type\":\"ImageObject\",\"inLanguage\":\"en-US\",\"@id\":\"https:\/\/operakrolewska.pl\/#\/schema\/logo\/image\/\",\"url\":\"https:\/\/operakrolewska.pl\/wp-content\/uploads\/2017\/12\/logo-pok-czerwone_rgb-e1583499221374.jpg\",\"contentUrl\":\"https:\/\/operakrolewska.pl\/wp-content\/uploads\/2017\/12\/logo-pok-czerwone_rgb-e1583499221374.jpg\",\"width\":250,\"height\":108,\"caption\":\"Polska Opera Kr\u00f3lewska\"},\"image\":{\"@id\":\"https:\/\/operakrolewska.pl\/#\/schema\/logo\/image\/\"},\"sameAs\":[\"https:\/\/web.facebook.com\/PolskaOperaKrolewska\/\"]}]}<\/script>\n<!-- \/ Yoast SEO plugin. -->","yoast_head_json":{"title":"JAKUB SZAFRA\u0143SKI - Polska Opera Kr&oacute;lewska","robots":{"index":"index","follow":"follow","max-snippet":"max-snippet:-1","max-image-preview":"max-image-preview:large","max-video-preview":"max-video-preview:-1"},"canonical":"https:\/\/operakrolewska.pl\/en\/artysci\/jakub-szafranski\/","og_locale":"en_US","og_type":"article","og_title":"JAKUB SZAFRA\u0143SKI - Polska Opera Kr&oacute;lewska","og_description":"Conductor and composer, a graduate of the Gra\u017cyna Bacewicz Public School of Music in Warsaw. He graduated from the Fryderyk Chopin University of Music with a master&#8217;s degree in choral conducting in the class of prof. Ryszard Zimak, and in composition in the class of prof. Pawe\u0142 \u0141ukaszewski. In 2012, Jakub Szafra\u0144ski founded the Male [&hellip;]","og_url":"https:\/\/operakrolewska.pl\/en\/artysci\/jakub-szafranski\/","og_site_name":"Polska Opera Kr&oacute;lewska","article_publisher":"https:\/\/web.facebook.com\/PolskaOperaKrolewska\/","article_modified_time":"2022-01-21T17:20:46+00:00","og_image":[{"width":1340,"height":894,"url":"https:\/\/operakrolewska.pl\/wp-content\/uploads\/2022\/01\/dsc2608.jpg","type":"image\/jpeg"}],"twitter_card":"summary_large_image","twitter_misc":{"Est. reading time":"2 minutes"},"schema":{"@context":"https:\/\/schema.org","@graph":[{"@type":"WebPage","@id":"https:\/\/operakrolewska.pl\/en\/artysci\/jakub-szafranski\/","url":"https:\/\/operakrolewska.pl\/en\/artysci\/jakub-szafranski\/","name":"JAKUB SZAFRA\u0143SKI - Polska Opera Kr&oacute;lewska","isPartOf":{"@id":"https:\/\/operakrolewska.pl\/#website"},"primaryImageOfPage":{"@id":"https:\/\/operakrolewska.pl\/en\/artysci\/jakub-szafranski\/#primaryimage"},"image":{"@id":"https:\/\/operakrolewska.pl\/en\/artysci\/jakub-szafranski\/#primaryimage"},"thumbnailUrl":"https:\/\/operakrolewska.pl\/wp-content\/uploads\/2022\/01\/dsc2608.jpg","datePublished":"2022-01-21T15:21:09+00:00","dateModified":"2022-01-21T17:20:46+00:00","breadcrumb":{"@id":"https:\/\/operakrolewska.pl\/en\/artysci\/jakub-szafranski\/#breadcrumb"},"inLanguage":"en-US","potentialAction":[{"@type":"ReadAction","target":["https:\/\/operakrolewska.pl\/en\/artysci\/jakub-szafranski\/"]}]},{"@type":"ImageObject","inLanguage":"en-US","@id":"https:\/\/operakrolewska.pl\/en\/artysci\/jakub-szafranski\/#primaryimage","url":"https:\/\/operakrolewska.pl\/wp-content\/uploads\/2022\/01\/dsc2608.jpg","contentUrl":"https:\/\/operakrolewska.pl\/wp-content\/uploads\/2022\/01\/dsc2608.jpg","width":1340,"height":894},{"@type":"BreadcrumbList","@id":"https:\/\/operakrolewska.pl\/en\/artysci\/jakub-szafranski\/#breadcrumb","itemListElement":[{"@type":"ListItem","position":1,"name":"Strona g\u0142\u00f3wna","item":"https:\/\/operakrolewska.pl\/en\/"},{"@type":"ListItem","position":2,"name":"artysci","item":"https:\/\/operakrolewska.pl\/en\/artysci\/"},{"@type":"ListItem","position":3,"name":"JAKUB SZAFRA\u0143SKI"}]},{"@type":"WebSite","@id":"https:\/\/operakrolewska.pl\/#website","url":"https:\/\/operakrolewska.pl\/","name":"Polska Opera Kr&oacute;lewska","description":"Polska Opera Kr&oacute;lewska","publisher":{"@id":"https:\/\/operakrolewska.pl\/#organization"},"potentialAction":[{"@type":"SearchAction","target":{"@type":"EntryPoint","urlTemplate":"https:\/\/operakrolewska.pl\/?s={search_term_string}"},"query-input":{"@type":"PropertyValueSpecification","valueRequired":true,"valueName":"search_term_string"}}],"inLanguage":"en-US"},{"@type":"Organization","@id":"https:\/\/operakrolewska.pl\/#organization","name":"Polska Opera Kr\u00f3lewska","url":"https:\/\/operakrolewska.pl\/","logo":{"@type":"ImageObject","inLanguage":"en-US","@id":"https:\/\/operakrolewska.pl\/#\/schema\/logo\/image\/","url":"https:\/\/operakrolewska.pl\/wp-content\/uploads\/2017\/12\/logo-pok-czerwone_rgb-e1583499221374.jpg","contentUrl":"https:\/\/operakrolewska.pl\/wp-content\/uploads\/2017\/12\/logo-pok-czerwone_rgb-e1583499221374.jpg","width":250,"height":108,"caption":"Polska Opera Kr\u00f3lewska"},"image":{"@id":"https:\/\/operakrolewska.pl\/#\/schema\/logo\/image\/"},"sameAs":["https:\/\/web.facebook.com\/PolskaOperaKrolewska\/"]}]}},"taxonomy_info":[],"featured_image_src_large":["https:\/\/operakrolewska.pl\/wp-content\/uploads\/2022\/01\/dsc2608-1024x683.jpg",640,427,true],"author_info":[],"comment_info":"","_links":{"self":[{"href":"https:\/\/operakrolewska.pl\/en\/wp-json\/wp\/v2\/artysci\/22173","targetHints":{"allow":["GET"]}}],"collection":[{"href":"https:\/\/operakrolewska.pl\/en\/wp-json\/wp\/v2\/artysci"}],"about":[{"href":"https:\/\/operakrolewska.pl\/en\/wp-json\/wp\/v2\/types\/artysci"}],"wp:featuredmedia":[{"embeddable":true,"href":"https:\/\/operakrolewska.pl\/en\/wp-json\/wp\/v2\/media\/22135"}],"wp:attachment":[{"href":"https:\/\/operakrolewska.pl\/en\/wp-json\/wp\/v2\/media?parent=22173"}],"curies":[{"name":"wp","href":"https:\/\/api.w.org\/{rel}","templated":true}]}}

JAKUB SZAFRAŃSKI

<p style="text-align: justify;">Conductor and composer, a graduate of the Grażyna Bacewicz Public School of Music in Warsaw. He graduated from the Fryderyk Chopin University of Music with a master&#8217;s degree in choral conducting in the class of prof. Ryszard Zimak, and in composition in the class of prof. Paweł Łukaszewski.</p>
<p style="text-align: justify;">In 2012, Jakub Szafrański founded the Male Vocal Group <em>Foyer</em>, of which he was the conductor and musical director. He currently works as the second conductor of the Choir of the Warsaw School of Economics (SGH) and as the second conductor and composer in the Archcathedral Male Choir <em>Cantores Minores</em>. In 2016, the Women&#8217;s Choir of the Warsaw School of Economics, led by him, won the 1st prize at the 1st International Cantu Gaudeamus Competition in Białystok. Also conducted by him, that same ensemble was awarded second prize (the first was not awarded) at The Prof. Georgi Dimitrov International May Choir Competition in Varna in the Men&#8217;s and Women&#8217;s Choirs category (2017). As a conductor, he also runs the senior&#8217;s choir &#8220;Uśmiech&#8221; at the Śródmieście Cultural Center in Warsaw. He collaborated in projects with the choir of the University of Social Sciences and Humanities, the <em>Allegrez del Canto</em> choir, the Fryderyk Chopin University of Music choir, and many others.</p>
<p style="text-align: justify;">Jakub Szafrański also conducts academic research focusing on Polish choral music from the interwar period and contemporary compositional techniques used in choral music (the latter topic was the focus of his doctoral dissertation). In 2013, on the basis of the manuscripts collected at Warsaw University Library, he reconstructed <em>Missa pro defunctis</em> by J.A. Maklakiewicz, and in April of the same year, he conducted the post-war premiere of this composition with the male vocal group <em>Amici</em> at the St. Martin church in Warsaw.</p>
<p style="text-align: justify;">In 2015, he founded the Artistic and Research Choir Conducting Club at the Fryderyk Chopin University of Music and since 2017, he has been working as a teacher at his alma mater. He also conducts educational activities outside the university, organizing choral workshops and a series of concerts &#8220;Klasycznie Niepoważni&#8221; at the KADR Cultural Center.</p>
<p style="text-align: justify;">Jakub Szafrański&#8217;s compositions are performed at concerts and festivals all over the world. As a composer, he has received multiple awards during competitions, including the first prize at the 57th Tadeusz Baird Competition for Young Composers. His work is included in the repertoire of many Polish and foreign ensembles, such as the New Music Orchestra, the proMODERN vocal sextet, Art&#8217;n&#8217;Voices, Voces8, the Choir of Trinity College Cambridge, the Poznań Chamber Choir, the Polish Chamber Choir, Kammerchor Hannover, World Youth Choir and Janua Muzika from Vilnius. Jakub Szafrański&#8217;s works were published by Schott Music GmbH &amp; Co. KG Weihergarten, Walton Music, Ars Musica, Polska Muzyka Chóralna XXI, and many of them were also recorded and released on CDs.</p>
<p>From January 2022, he is the Chorus Master of the Chorus of the Polish Royal Opera.</p>

<!-- This site is optimized with the Yoast SEO plugin v26.2 - https://yoast.com/wordpress/plugins/seo/ -->
<title>JAKUB SZAFRAŃSKI - Polska Opera Kr&oacute;lewska</title>
<meta name="robots" content="index, follow, max-snippet:-1, max-image-preview:large, max-video-preview:-1" />
<link rel="canonical" href="https://operakrolewska.pl/en/artysci/jakub-szafranski/" />
<meta property="og:locale" content="en_US" />
<meta property="og:type" content="article" />
<meta property="og:title" content="JAKUB SZAFRAŃSKI - Polska Opera Kr&oacute;lewska" />
<meta property="og:description" content="Conductor and composer, a graduate of the Grażyna Bacewicz Public School of Music in Warsaw. He graduated from the Fryderyk Chopin University of Music with a master&#8217;s degree in choral conducting in the class of prof. Ryszard Zimak, and in composition in the class of prof. Paweł Łukaszewski. In 2012, Jakub Szafrański founded the Male [&hellip;]" />
<meta property="og:url" content="https://operakrolewska.pl/en/artysci/jakub-szafranski/" />
<meta property="og:site_name" content="Polska Opera Kr&oacute;lewska" />
<meta property="article:publisher" content="https://web.facebook.com/PolskaOperaKrolewska/" />
<meta property="article:modified_time" content="2022-01-21T17:20:46+00:00" />
<meta property="og:image" content="https://operakrolewska.pl/wp-content/uploads/2022/01/dsc2608.jpg" />
	<meta property="og:image:width" content="1340" />
	<meta property="og:image:height" content="894" />
	<meta property="og:image:type" content="image/jpeg" />
<meta name="twitter:card" content="summary_large_image" />
<meta name="twitter:label1" content="Est. reading time" />
	<meta name="twitter:data1" content="2 minutes" />
<script type="application/ld+json" class="yoast-schema-graph">{"@context":"https://schema.org","@graph":[{"@type":"WebPage","@id":"https://operakrolewska.pl/en/artysci/jakub-szafranski/","url":"https://operakrolewska.pl/en/artysci/jakub-szafranski/","name":"JAKUB SZAFRAŃSKI - Polska Opera Kr&oacute;lewska","isPartOf":{"@id":"https://operakrolewska.pl/#website"},"primaryImageOfPage":{"@id":"https://operakrolewska.pl/en/artysci/jakub-szafranski/#primaryimage"},"image":{"@id":"https://operakrolewska.pl/en/artysci/jakub-szafranski/#primaryimage"},"thumbnailUrl":"https://operakrolewska.pl/wp-content/uploads/2022/01/dsc2608.jpg","datePublished":"2022-01-21T15:21:09+00:00","dateModified":"2022-01-21T17:20:46+00:00","breadcrumb":{"@id":"https://operakrolewska.pl/en/artysci/jakub-szafranski/#breadcrumb"},"inLanguage":"en-US","potentialAction":[{"@type":"ReadAction","target":["https://operakrolewska.pl/en/artysci/jakub-szafranski/"]}]},{"@type":"ImageObject","inLanguage":"en-US","@id":"https://operakrolewska.pl/en/artysci/jakub-szafranski/#primaryimage","url":"https://operakrolewska.pl/wp-content/uploads/2022/01/dsc2608.jpg","contentUrl":"https://operakrolewska.pl/wp-content/uploads/2022/01/dsc2608.jpg","width":1340,"height":894},{"@type":"BreadcrumbList","@id":"https://operakrolewska.pl/en/artysci/jakub-szafranski/#breadcrumb","itemListElement":[{"@type":"ListItem","position":1,"name":"Strona główna","item":"https://operakrolewska.pl/en/"},{"@type":"ListItem","position":2,"name":"artysci","item":"https://operakrolewska.pl/en/artysci/"},{"@type":"ListItem","position":3,"name":"JAKUB SZAFRAŃSKI"}]},{"@type":"WebSite","@id":"https://operakrolewska.pl/#website","url":"https://operakrolewska.pl/","name":"Polska Opera Kr&oacute;lewska","description":"Polska Opera Kr&oacute;lewska","publisher":{"@id":"https://operakrolewska.pl/#organization"},"potentialAction":[{"@type":"SearchAction","target":{"@type":"EntryPoint","urlTemplate":"https://operakrolewska.pl/?s={search_term_string}"},"query-input":{"@type":"PropertyValueSpecification","valueRequired":true,"valueName":"search_term_string"}}],"inLanguage":"en-US"},{"@type":"Organization","@id":"https://operakrolewska.pl/#organization","name":"Polska Opera Królewska","url":"https://operakrolewska.pl/","logo":{"@type":"ImageObject","inLanguage":"en-US","@id":"https://operakrolewska.pl/#/schema/logo/image/","url":"https://operakrolewska.pl/wp-content/uploads/2017/12/logo-pok-czerwone_rgb-e1583499221374.jpg","contentUrl":"https://operakrolewska.pl/wp-content/uploads/2017/12/logo-pok-czerwone_rgb-e1583499221374.jpg","width":250,"height":108,"caption":"Polska Opera Królewska"},"image":{"@id":"https://operakrolewska.pl/#/schema/logo/image/"},"sameAs":["https://web.facebook.com/PolskaOperaKrolewska/"]}]}</script>
<!-- / Yoast SEO plugin. -->

JAKUB SZAFRAŃSKI - Polska Opera Kr&oacute;lewska

Conductor and composer, a graduate of the Grażyna Bacewicz Public School of Music in Warsaw. He graduated from the Fryderyk Chopin University of Music with a master&#8217;s degree in choral conducting in the class of prof. Ryszard Zimak, and in composition in the class of prof. Paweł Łukaszewski. In 2012, Jakub Szafrański founded the Male [&hellip;]

Strona główna

Polska Opera Królewska
