{"id":18497,"date":"2021-03-10T18:28:42","date_gmt":"2021-03-10T17:28:42","guid":{"rendered":"https:\/\/operakrolewska.pl\/?post_type=artysci&#038;p=18497"},"modified":"2026-01-23T11:29:02","modified_gmt":"2026-01-23T10:29:02","slug":"tomasz-kulisiewicz","status":"publish","type":"artysci","link":"https:\/\/operakrolewska.pl\/en\/artysci\/tomasz-kulisiewicz\/","title":{"rendered":"Tomasz Kulisiewicz"},"content":{"rendered":"\n<p>The artist gained his orchestral experience working as a soloist with the Sudeten Philharmonic, deputy concertmaster of the Wroc\u0142aw Opera and concertmaster of the Baltic Opera in Gda\u0144sk. He currently works as concertmaster of the Cz\u0119stochowa Philharmonic and concertmaster of the Polish Royal Opera in Warsaw. For many years, he was a member of the Wroc\u0142aw-based Ricordanza soloists&#8217; ensemble and the European Vivaldi Players, Festival Orchestra Berlin, and Baroque Orchestra Berlin ensembles.<\/p>\n\n\n\n<p>As a soloist, he has performed many times with his native orchestras as well as with the Croatian Symphony Orchestra in Zagreb. <\/p>\n\n\n\n<p>He has an extensive solo and chamber repertoire ranging from Baroque to 21st-century music. Between 2013 and 2020, on his initiative, the Wratislavia Ensemble was formed and performed chamber music. Together with Zofia Kulisiewicz and Przemys\u0142aw Witek, he co-founded the Wieniawski Piano Trio. He is also the violist of the Diverso String Quartet, a string quartet dedicated to promoting Polish music.<\/p>\n\n\n\n<p>Photo: Ma\u0142gorzata Jakubiak<\/p>\n","protected":false},"featured_media":41991,"parent":0,"template":"","class_list":["post-18497","artysci","type-artysci","status-publish","has-post-thumbnail","hentry"],"acf":[],"yoast_head":"<!-- This site is optimized with the Yoast SEO plugin v26.2 - https:\/\/yoast.com\/wordpress\/plugins\/seo\/ -->\n<title>Tomasz Kulisiewicz - Polska Opera Kr&oacute;lewska<\/title>\n<meta name=\"robots\" content=\"index, follow, max-snippet:-1, max-image-preview:large, max-video-preview:-1\" \/>\n<link rel=\"canonical\" href=\"https:\/\/operakrolewska.pl\/en\/artysci\/tomasz-kulisiewicz\/\" \/>\n<meta property=\"og:locale\" content=\"en_US\" \/>\n<meta property=\"og:type\" content=\"article\" \/>\n<meta property=\"og:title\" content=\"Tomasz Kulisiewicz - Polska Opera Kr&oacute;lewska\" \/>\n<meta property=\"og:description\" content=\"The artist gained his orchestral experience working as a soloist with the Sudeten Philharmonic, deputy concertmaster of the Wroc\u0142aw Opera and concertmaster of the Baltic Opera in Gda\u0144sk. He currently works as concertmaster of the Cz\u0119stochowa Philharmonic and concertmaster of the Polish Royal Opera in Warsaw. For many years, he was a member of the [&hellip;]\" \/>\n<meta property=\"og:url\" content=\"https:\/\/operakrolewska.pl\/en\/artysci\/tomasz-kulisiewicz\/\" \/>\n<meta property=\"og:site_name\" content=\"Polska Opera Kr&oacute;lewska\" \/>\n<meta property=\"article:publisher\" content=\"https:\/\/web.facebook.com\/PolskaOperaKrolewska\/\" \/>\n<meta property=\"article:modified_time\" content=\"2026-01-23T10:29:02+00:00\" \/>\n<meta property=\"og:image\" content=\"https:\/\/operakrolewska.pl\/wp-content\/uploads\/2021\/03\/fot.-malgorzata-jakubiak-scaled-e1769164128804.jpeg\" \/>\n\t<meta property=\"og:image:width\" content=\"1702\" \/>\n\t<meta property=\"og:image:height\" content=\"1290\" \/>\n\t<meta property=\"og:image:type\" content=\"image\/jpeg\" \/>\n<meta name=\"twitter:card\" content=\"summary_large_image\" \/>\n<meta name=\"twitter:label1\" content=\"Est. reading time\" \/>\n\t<meta name=\"twitter:data1\" content=\"2 minutes\" \/>\n<script type=\"application\/ld+json\" class=\"yoast-schema-graph\">{\"@context\":\"https:\/\/schema.org\",\"@graph\":[{\"@type\":\"WebPage\",\"@id\":\"https:\/\/operakrolewska.pl\/en\/artysci\/tomasz-kulisiewicz\/\",\"url\":\"https:\/\/operakrolewska.pl\/en\/artysci\/tomasz-kulisiewicz\/\",\"name\":\"Tomasz Kulisiewicz - Polska Opera Kr&oacute;lewska\",\"isPartOf\":{\"@id\":\"https:\/\/operakrolewska.pl\/#website\"},\"primaryImageOfPage\":{\"@id\":\"https:\/\/operakrolewska.pl\/en\/artysci\/tomasz-kulisiewicz\/#primaryimage\"},\"image\":{\"@id\":\"https:\/\/operakrolewska.pl\/en\/artysci\/tomasz-kulisiewicz\/#primaryimage\"},\"thumbnailUrl\":\"https:\/\/operakrolewska.pl\/wp-content\/uploads\/2021\/03\/fot.-malgorzata-jakubiak-scaled-e1769164128804.jpeg\",\"datePublished\":\"2021-03-10T17:28:42+00:00\",\"dateModified\":\"2026-01-23T10:29:02+00:00\",\"breadcrumb\":{\"@id\":\"https:\/\/operakrolewska.pl\/en\/artysci\/tomasz-kulisiewicz\/#breadcrumb\"},\"inLanguage\":\"en-US\",\"potentialAction\":[{\"@type\":\"ReadAction\",\"target\":[\"https:\/\/operakrolewska.pl\/en\/artysci\/tomasz-kulisiewicz\/\"]}]},{\"@type\":\"ImageObject\",\"inLanguage\":\"en-US\",\"@id\":\"https:\/\/operakrolewska.pl\/en\/artysci\/tomasz-kulisiewicz\/#primaryimage\",\"url\":\"https:\/\/operakrolewska.pl\/wp-content\/uploads\/2021\/03\/fot.-malgorzata-jakubiak-scaled-e1769164128804.jpeg\",\"contentUrl\":\"https:\/\/operakrolewska.pl\/wp-content\/uploads\/2021\/03\/fot.-malgorzata-jakubiak-scaled-e1769164128804.jpeg\",\"width\":1702,\"height\":1290},{\"@type\":\"BreadcrumbList\",\"@id\":\"https:\/\/operakrolewska.pl\/en\/artysci\/tomasz-kulisiewicz\/#breadcrumb\",\"itemListElement\":[{\"@type\":\"ListItem\",\"position\":1,\"name\":\"Strona g\u0142\u00f3wna\",\"item\":\"https:\/\/operakrolewska.pl\/en\/\"},{\"@type\":\"ListItem\",\"position\":2,\"name\":\"artysci\",\"item\":\"https:\/\/operakrolewska.pl\/en\/artysci\/\"},{\"@type\":\"ListItem\",\"position\":3,\"name\":\"Tomasz Kulisiewicz\"}]},{\"@type\":\"WebSite\",\"@id\":\"https:\/\/operakrolewska.pl\/#website\",\"url\":\"https:\/\/operakrolewska.pl\/\",\"name\":\"Polska Opera Kr&oacute;lewska\",\"description\":\"Polska Opera Kr&oacute;lewska\",\"publisher\":{\"@id\":\"https:\/\/operakrolewska.pl\/#organization\"},\"potentialAction\":[{\"@type\":\"SearchAction\",\"target\":{\"@type\":\"EntryPoint\",\"urlTemplate\":\"https:\/\/operakrolewska.pl\/?s={search_term_string}\"},\"query-input\":{\"@type\":\"PropertyValueSpecification\",\"valueRequired\":true,\"valueName\":\"search_term_string\"}}],\"inLanguage\":\"en-US\"},{\"@type\":\"Organization\",\"@id\":\"https:\/\/operakrolewska.pl\/#organization\",\"name\":\"Polska Opera Kr\u00f3lewska\",\"url\":\"https:\/\/operakrolewska.pl\/\",\"logo\":{\"@type\":\"ImageObject\",\"inLanguage\":\"en-US\",\"@id\":\"https:\/\/operakrolewska.pl\/#\/schema\/logo\/image\/\",\"url\":\"https:\/\/operakrolewska.pl\/wp-content\/uploads\/2017\/12\/logo-pok-czerwone_rgb-e1583499221374.jpg\",\"contentUrl\":\"https:\/\/operakrolewska.pl\/wp-content\/uploads\/2017\/12\/logo-pok-czerwone_rgb-e1583499221374.jpg\",\"width\":250,\"height\":108,\"caption\":\"Polska Opera Kr\u00f3lewska\"},\"image\":{\"@id\":\"https:\/\/operakrolewska.pl\/#\/schema\/logo\/image\/\"},\"sameAs\":[\"https:\/\/web.facebook.com\/PolskaOperaKrolewska\/\"]}]}<\/script>\n<!-- \/ Yoast SEO plugin. -->","yoast_head_json":{"title":"Tomasz Kulisiewicz - Polska Opera Kr&oacute;lewska","robots":{"index":"index","follow":"follow","max-snippet":"max-snippet:-1","max-image-preview":"max-image-preview:large","max-video-preview":"max-video-preview:-1"},"canonical":"https:\/\/operakrolewska.pl\/en\/artysci\/tomasz-kulisiewicz\/","og_locale":"en_US","og_type":"article","og_title":"Tomasz Kulisiewicz - Polska Opera Kr&oacute;lewska","og_description":"The artist gained his orchestral experience working as a soloist with the Sudeten Philharmonic, deputy concertmaster of the Wroc\u0142aw Opera and concertmaster of the Baltic Opera in Gda\u0144sk. He currently works as concertmaster of the Cz\u0119stochowa Philharmonic and concertmaster of the Polish Royal Opera in Warsaw. For many years, he was a member of the [&hellip;]","og_url":"https:\/\/operakrolewska.pl\/en\/artysci\/tomasz-kulisiewicz\/","og_site_name":"Polska Opera Kr&oacute;lewska","article_publisher":"https:\/\/web.facebook.com\/PolskaOperaKrolewska\/","article_modified_time":"2026-01-23T10:29:02+00:00","og_image":[{"width":1702,"height":1290,"url":"https:\/\/operakrolewska.pl\/wp-content\/uploads\/2021\/03\/fot.-malgorzata-jakubiak-scaled-e1769164128804.jpeg","type":"image\/jpeg"}],"twitter_card":"summary_large_image","twitter_misc":{"Est. reading time":"2 minutes"},"schema":{"@context":"https:\/\/schema.org","@graph":[{"@type":"WebPage","@id":"https:\/\/operakrolewska.pl\/en\/artysci\/tomasz-kulisiewicz\/","url":"https:\/\/operakrolewska.pl\/en\/artysci\/tomasz-kulisiewicz\/","name":"Tomasz Kulisiewicz - Polska Opera Kr&oacute;lewska","isPartOf":{"@id":"https:\/\/operakrolewska.pl\/#website"},"primaryImageOfPage":{"@id":"https:\/\/operakrolewska.pl\/en\/artysci\/tomasz-kulisiewicz\/#primaryimage"},"image":{"@id":"https:\/\/operakrolewska.pl\/en\/artysci\/tomasz-kulisiewicz\/#primaryimage"},"thumbnailUrl":"https:\/\/operakrolewska.pl\/wp-content\/uploads\/2021\/03\/fot.-malgorzata-jakubiak-scaled-e1769164128804.jpeg","datePublished":"2021-03-10T17:28:42+00:00","dateModified":"2026-01-23T10:29:02+00:00","breadcrumb":{"@id":"https:\/\/operakrolewska.pl\/en\/artysci\/tomasz-kulisiewicz\/#breadcrumb"},"inLanguage":"en-US","potentialAction":[{"@type":"ReadAction","target":["https:\/\/operakrolewska.pl\/en\/artysci\/tomasz-kulisiewicz\/"]}]},{"@type":"ImageObject","inLanguage":"en-US","@id":"https:\/\/operakrolewska.pl\/en\/artysci\/tomasz-kulisiewicz\/#primaryimage","url":"https:\/\/operakrolewska.pl\/wp-content\/uploads\/2021\/03\/fot.-malgorzata-jakubiak-scaled-e1769164128804.jpeg","contentUrl":"https:\/\/operakrolewska.pl\/wp-content\/uploads\/2021\/03\/fot.-malgorzata-jakubiak-scaled-e1769164128804.jpeg","width":1702,"height":1290},{"@type":"BreadcrumbList","@id":"https:\/\/operakrolewska.pl\/en\/artysci\/tomasz-kulisiewicz\/#breadcrumb","itemListElement":[{"@type":"ListItem","position":1,"name":"Strona g\u0142\u00f3wna","item":"https:\/\/operakrolewska.pl\/en\/"},{"@type":"ListItem","position":2,"name":"artysci","item":"https:\/\/operakrolewska.pl\/en\/artysci\/"},{"@type":"ListItem","position":3,"name":"Tomasz Kulisiewicz"}]},{"@type":"WebSite","@id":"https:\/\/operakrolewska.pl\/#website","url":"https:\/\/operakrolewska.pl\/","name":"Polska Opera Kr&oacute;lewska","description":"Polska Opera Kr&oacute;lewska","publisher":{"@id":"https:\/\/operakrolewska.pl\/#organization"},"potentialAction":[{"@type":"SearchAction","target":{"@type":"EntryPoint","urlTemplate":"https:\/\/operakrolewska.pl\/?s={search_term_string}"},"query-input":{"@type":"PropertyValueSpecification","valueRequired":true,"valueName":"search_term_string"}}],"inLanguage":"en-US"},{"@type":"Organization","@id":"https:\/\/operakrolewska.pl\/#organization","name":"Polska Opera Kr\u00f3lewska","url":"https:\/\/operakrolewska.pl\/","logo":{"@type":"ImageObject","inLanguage":"en-US","@id":"https:\/\/operakrolewska.pl\/#\/schema\/logo\/image\/","url":"https:\/\/operakrolewska.pl\/wp-content\/uploads\/2017\/12\/logo-pok-czerwone_rgb-e1583499221374.jpg","contentUrl":"https:\/\/operakrolewska.pl\/wp-content\/uploads\/2017\/12\/logo-pok-czerwone_rgb-e1583499221374.jpg","width":250,"height":108,"caption":"Polska Opera Kr\u00f3lewska"},"image":{"@id":"https:\/\/operakrolewska.pl\/#\/schema\/logo\/image\/"},"sameAs":["https:\/\/web.facebook.com\/PolskaOperaKrolewska\/"]}]}},"taxonomy_info":[],"featured_image_src_large":["https:\/\/operakrolewska.pl\/wp-content\/uploads\/2021\/03\/fot.-malgorzata-jakubiak-scaled-e1769164128804-1024x776.jpeg",640,485,true],"author_info":[],"comment_info":"","_links":{"self":[{"href":"https:\/\/operakrolewska.pl\/en\/wp-json\/wp\/v2\/artysci\/18497","targetHints":{"allow":["GET"]}}],"collection":[{"href":"https:\/\/operakrolewska.pl\/en\/wp-json\/wp\/v2\/artysci"}],"about":[{"href":"https:\/\/operakrolewska.pl\/en\/wp-json\/wp\/v2\/types\/artysci"}],"wp:featuredmedia":[{"embeddable":true,"href":"https:\/\/operakrolewska.pl\/en\/wp-json\/wp\/v2\/media\/41991"}],"wp:attachment":[{"href":"https:\/\/operakrolewska.pl\/en\/wp-json\/wp\/v2\/media?parent=18497"}],"curies":[{"name":"wp","href":"https:\/\/api.w.org\/{rel}","templated":true}]}}

<p>The artist gained his orchestral experience working as a soloist with the Sudeten Philharmonic, deputy concertmaster of the Wrocław Opera and concertmaster of the Baltic Opera in Gdańsk. He currently works as concertmaster of the Częstochowa Philharmonic and concertmaster of the Polish Royal Opera in Warsaw. For many years, he was a member of the Wrocław-based Ricordanza soloists&#8217; ensemble and the European Vivaldi Players, Festival Orchestra Berlin, and Baroque Orchestra Berlin ensembles.</p>



<p>As a soloist, he has performed many times with his native orchestras as well as with the Croatian Symphony Orchestra in Zagreb. </p>



<p>He has an extensive solo and chamber repertoire ranging from Baroque to 21st-century music. Between 2013 and 2020, on his initiative, the Wratislavia Ensemble was formed and performed chamber music. Together with Zofia Kulisiewicz and Przemysław Witek, he co-founded the Wieniawski Piano Trio. He is also the violist of the Diverso String Quartet, a string quartet dedicated to promoting Polish music.</p>



<p>Photo: Małgorzata Jakubiak</p>

<!-- This site is optimized with the Yoast SEO plugin v26.2 - https://yoast.com/wordpress/plugins/seo/ -->
<title>Tomasz Kulisiewicz - Polska Opera Kr&oacute;lewska</title>
<meta name="robots" content="index, follow, max-snippet:-1, max-image-preview:large, max-video-preview:-1" />
<link rel="canonical" href="https://operakrolewska.pl/en/artysci/tomasz-kulisiewicz/" />
<meta property="og:locale" content="en_US" />
<meta property="og:type" content="article" />
<meta property="og:title" content="Tomasz Kulisiewicz - Polska Opera Kr&oacute;lewska" />
<meta property="og:description" content="The artist gained his orchestral experience working as a soloist with the Sudeten Philharmonic, deputy concertmaster of the Wrocław Opera and concertmaster of the Baltic Opera in Gdańsk. He currently works as concertmaster of the Częstochowa Philharmonic and concertmaster of the Polish Royal Opera in Warsaw. For many years, he was a member of the [&hellip;]" />
<meta property="og:url" content="https://operakrolewska.pl/en/artysci/tomasz-kulisiewicz/" />
<meta property="og:site_name" content="Polska Opera Kr&oacute;lewska" />
<meta property="article:publisher" content="https://web.facebook.com/PolskaOperaKrolewska/" />
<meta property="article:modified_time" content="2026-01-23T10:29:02+00:00" />
<meta property="og:image" content="https://operakrolewska.pl/wp-content/uploads/2021/03/fot.-malgorzata-jakubiak-scaled-e1769164128804.jpeg" />
	<meta property="og:image:width" content="1702" />
	<meta property="og:image:height" content="1290" />
	<meta property="og:image:type" content="image/jpeg" />
<meta name="twitter:card" content="summary_large_image" />
<meta name="twitter:label1" content="Est. reading time" />
	<meta name="twitter:data1" content="2 minutes" />
<script type="application/ld+json" class="yoast-schema-graph">{"@context":"https://schema.org","@graph":[{"@type":"WebPage","@id":"https://operakrolewska.pl/en/artysci/tomasz-kulisiewicz/","url":"https://operakrolewska.pl/en/artysci/tomasz-kulisiewicz/","name":"Tomasz Kulisiewicz - Polska Opera Kr&oacute;lewska","isPartOf":{"@id":"https://operakrolewska.pl/#website"},"primaryImageOfPage":{"@id":"https://operakrolewska.pl/en/artysci/tomasz-kulisiewicz/#primaryimage"},"image":{"@id":"https://operakrolewska.pl/en/artysci/tomasz-kulisiewicz/#primaryimage"},"thumbnailUrl":"https://operakrolewska.pl/wp-content/uploads/2021/03/fot.-malgorzata-jakubiak-scaled-e1769164128804.jpeg","datePublished":"2021-03-10T17:28:42+00:00","dateModified":"2026-01-23T10:29:02+00:00","breadcrumb":{"@id":"https://operakrolewska.pl/en/artysci/tomasz-kulisiewicz/#breadcrumb"},"inLanguage":"en-US","potentialAction":[{"@type":"ReadAction","target":["https://operakrolewska.pl/en/artysci/tomasz-kulisiewicz/"]}]},{"@type":"ImageObject","inLanguage":"en-US","@id":"https://operakrolewska.pl/en/artysci/tomasz-kulisiewicz/#primaryimage","url":"https://operakrolewska.pl/wp-content/uploads/2021/03/fot.-malgorzata-jakubiak-scaled-e1769164128804.jpeg","contentUrl":"https://operakrolewska.pl/wp-content/uploads/2021/03/fot.-malgorzata-jakubiak-scaled-e1769164128804.jpeg","width":1702,"height":1290},{"@type":"BreadcrumbList","@id":"https://operakrolewska.pl/en/artysci/tomasz-kulisiewicz/#breadcrumb","itemListElement":[{"@type":"ListItem","position":1,"name":"Strona główna","item":"https://operakrolewska.pl/en/"},{"@type":"ListItem","position":2,"name":"artysci","item":"https://operakrolewska.pl/en/artysci/"},{"@type":"ListItem","position":3,"name":"Tomasz Kulisiewicz"}]},{"@type":"WebSite","@id":"https://operakrolewska.pl/#website","url":"https://operakrolewska.pl/","name":"Polska Opera Kr&oacute;lewska","description":"Polska Opera Kr&oacute;lewska","publisher":{"@id":"https://operakrolewska.pl/#organization"},"potentialAction":[{"@type":"SearchAction","target":{"@type":"EntryPoint","urlTemplate":"https://operakrolewska.pl/?s={search_term_string}"},"query-input":{"@type":"PropertyValueSpecification","valueRequired":true,"valueName":"search_term_string"}}],"inLanguage":"en-US"},{"@type":"Organization","@id":"https://operakrolewska.pl/#organization","name":"Polska Opera Królewska","url":"https://operakrolewska.pl/","logo":{"@type":"ImageObject","inLanguage":"en-US","@id":"https://operakrolewska.pl/#/schema/logo/image/","url":"https://operakrolewska.pl/wp-content/uploads/2017/12/logo-pok-czerwone_rgb-e1583499221374.jpg","contentUrl":"https://operakrolewska.pl/wp-content/uploads/2017/12/logo-pok-czerwone_rgb-e1583499221374.jpg","width":250,"height":108,"caption":"Polska Opera Królewska"},"image":{"@id":"https://operakrolewska.pl/#/schema/logo/image/"},"sameAs":["https://web.facebook.com/PolskaOperaKrolewska/"]}]}</script>
<!-- / Yoast SEO plugin. -->

The artist gained his orchestral experience working as a soloist with the Sudeten Philharmonic, deputy concertmaster of the Wrocław Opera and concertmaster of the Baltic Opera in Gdańsk. He currently works as concertmaster of the Częstochowa Philharmonic and concertmaster of the Polish Royal Opera in Warsaw. For many years, he was a member of the [&hellip;]

Strona główna

Polska Opera Królewska
