{"id":17494,"date":"2019-02-17T21:42:51","date_gmt":"2019-02-17T20:42:51","guid":{"rendered":"https:\/\/operakrolewska.pl\/?post_type=artysci&#038;p=17494"},"modified":"2020-12-18T12:50:40","modified_gmt":"2020-12-18T11:50:40","slug":"olga-pasiecznik","status":"publish","type":"artysci","link":"https:\/\/operakrolewska.pl\/en\/artysci\/olga-pasiecznik\/","title":{"rendered":"OLGA PASIECZNIK"},"content":{"rendered":"<p>Soprano. After graduating from the Kyiv Conservatory she continued her musical education on a post-graduate course at the Fryderyk Chopin University of Music in Warsaw.<\/p>\n<p>In 1992, she made her debut on the stage of the Warsaw Chamber Opera, and four years later at the Th\u00e9\u00e2tre des Champs-Elys\u00e9es as Pamina in Mozart\u2019s <i>The Magic Flute<\/i>. Olga Pasiecznik has performed in operas on the most famous and prestigious stages of the world. She\u2019s appeared in over forty roles, in operas by Monteverdi, Gluck, Handel, Mozart, Weber, Bizet, Rossini, Verdi, Puccini, Debussy, Tchaikovsky, and contemporary composers. Her performance won her public and critical acclaim.<\/p>\n<p>She also appears in chamber repertoire, oratorios, and symphonic works in famous concert halls in almost every European country, USA, Canada, China, Japan, and Australia. Her sister, pianist Natalia Pasiecznik, accompanies Olga during her numerous solo recitals.<\/p>\n<p>She has frequently performed with the most acclaimed orchestras from Poland and all over the world, e.g. the Boston Symphony Orchestra (USA), the Belgian National Symphonic Orchestra, the Orquestra Nacional de Espa\u00f1a and\u00a0Orquesta Sinf\u00f3nica de RTVE (Spain), the English Concert, the Wiener Symphoniker, the Orchestre Philharmonique de Radio France, the Orchestre National de France, Les Musiciens du Louvre-Grenoble (France), Akademie f\u00fcr Alte Musik Berlin, the Freiburger Barockorchester, the Orchestra of the Eighteenth Century. She\u2019s worked with many esteemed conductors, such as I. Bolton, F. Br\u00fcggen, J.-C. Casadesus, M. Creed, Ch. Dutoit, R. Jacobs, R. Goodman, Ch. Hogwood, H. Holliger, Ph. Herreweghe, J. Kaspszyk, K. Kord, J. Maksymiuk, J.-C. Malgoire, M. Minkowski, K. Ono, A. Parrott, K. Penderecki, T. Pinnock, M. Viotti, A. Wit, M. Zanetti.<span class=\"Apple-converted-space\">\u00a0 \u00a0<\/span><\/p>\n<p>Her phonographic output includes over 50 CDs and DVDs, recorded for the CD Accord, Dabringhaus und Grimm, Harmonia Mundi, Naxos,\u00a0Opus 111, and other publishing companies.<\/p>\n<p>Olga Pasiecznik is a laureate of international singing competitions: in s\u2019Hertogenbosch in the Netherlands, the Mirjam Helin Singing Competition in Helsinki, and the<span class=\"Apple-converted-space\">\u00a0 <\/span>Queen Elizabeth Competition in Brussels. The artist has also won many awards in Poland: the Polityka Passport Award (1997), the Fryderyk award for the best solo recording (1997, 2004), the Orpheus award at the Warsaw Autumn festival (1999), the Gold Cross of Merit (2001), and the A. Hiolski award for the best female opera role (2004). In 2005 and 2012 she was nominated by the international opera magazine \u201cOpernwelt\u201d for the title of \u201cThe Best Female Singer of the Year\u201d. In 2011, she received the annual Award of the Minister of Culture and National Heritage, and in 2012 she was awarded the Order of Merit of the Republic of Poland.<\/p>\n<p>She is a soloist at the Polish Royal Opera.<\/p>\n<p>&nbsp;<\/p>\n<p>Photo by Andrzej \u015awietlik<\/p>\n","protected":false},"featured_media":9628,"parent":0,"template":"","class_list":["post-17494","artysci","type-artysci","status-publish","has-post-thumbnail","hentry"],"acf":[],"yoast_head":"<!-- This site is optimized with the Yoast SEO plugin v26.2 - https:\/\/yoast.com\/wordpress\/plugins\/seo\/ -->\n<title>OLGA PASIECZNIK - Polska Opera Kr&oacute;lewska<\/title>\n<meta name=\"robots\" content=\"index, follow, max-snippet:-1, max-image-preview:large, max-video-preview:-1\" \/>\n<link rel=\"canonical\" href=\"https:\/\/operakrolewska.pl\/en\/artysci\/olga-pasiecznik\/\" \/>\n<meta property=\"og:locale\" content=\"en_US\" \/>\n<meta property=\"og:type\" content=\"article\" \/>\n<meta property=\"og:title\" content=\"OLGA PASIECZNIK - Polska Opera Kr&oacute;lewska\" \/>\n<meta property=\"og:description\" content=\"Soprano. After graduating from the Kyiv Conservatory she continued her musical education on a post-graduate course at the Fryderyk Chopin University of Music in Warsaw. In 1992, she made her debut on the stage of the Warsaw Chamber Opera, and four years later at the Th\u00e9\u00e2tre des Champs-Elys\u00e9es as Pamina in Mozart\u2019s The Magic Flute. [&hellip;]\" \/>\n<meta property=\"og:url\" content=\"https:\/\/operakrolewska.pl\/en\/artysci\/olga-pasiecznik\/\" \/>\n<meta property=\"og:site_name\" content=\"Polska Opera Kr&oacute;lewska\" \/>\n<meta property=\"article:publisher\" content=\"https:\/\/web.facebook.com\/PolskaOperaKrolewska\/\" \/>\n<meta property=\"article:modified_time\" content=\"2020-12-18T11:50:40+00:00\" \/>\n<meta property=\"og:image\" content=\"https:\/\/operakrolewska.pl\/wp-content\/uploads\/2019\/02\/img_6463.jpg\" \/>\n\t<meta property=\"og:image:width\" content=\"1340\" \/>\n\t<meta property=\"og:image:height\" content=\"915\" \/>\n\t<meta property=\"og:image:type\" content=\"image\/jpeg\" \/>\n<meta name=\"twitter:card\" content=\"summary_large_image\" \/>\n<meta name=\"twitter:label1\" content=\"Est. reading time\" \/>\n\t<meta name=\"twitter:data1\" content=\"2 minutes\" \/>\n<script type=\"application\/ld+json\" class=\"yoast-schema-graph\">{\"@context\":\"https:\/\/schema.org\",\"@graph\":[{\"@type\":\"WebPage\",\"@id\":\"https:\/\/operakrolewska.pl\/en\/artysci\/olga-pasiecznik\/\",\"url\":\"https:\/\/operakrolewska.pl\/en\/artysci\/olga-pasiecznik\/\",\"name\":\"OLGA PASIECZNIK - Polska Opera Kr&oacute;lewska\",\"isPartOf\":{\"@id\":\"https:\/\/operakrolewska.pl\/#website\"},\"primaryImageOfPage\":{\"@id\":\"https:\/\/operakrolewska.pl\/en\/artysci\/olga-pasiecznik\/#primaryimage\"},\"image\":{\"@id\":\"https:\/\/operakrolewska.pl\/en\/artysci\/olga-pasiecznik\/#primaryimage\"},\"thumbnailUrl\":\"https:\/\/operakrolewska.pl\/wp-content\/uploads\/2019\/02\/img_6463.jpg\",\"datePublished\":\"2019-02-17T20:42:51+00:00\",\"dateModified\":\"2020-12-18T11:50:40+00:00\",\"breadcrumb\":{\"@id\":\"https:\/\/operakrolewska.pl\/en\/artysci\/olga-pasiecznik\/#breadcrumb\"},\"inLanguage\":\"en-US\",\"potentialAction\":[{\"@type\":\"ReadAction\",\"target\":[\"https:\/\/operakrolewska.pl\/en\/artysci\/olga-pasiecznik\/\"]}]},{\"@type\":\"ImageObject\",\"inLanguage\":\"en-US\",\"@id\":\"https:\/\/operakrolewska.pl\/en\/artysci\/olga-pasiecznik\/#primaryimage\",\"url\":\"https:\/\/operakrolewska.pl\/wp-content\/uploads\/2019\/02\/img_6463.jpg\",\"contentUrl\":\"https:\/\/operakrolewska.pl\/wp-content\/uploads\/2019\/02\/img_6463.jpg\",\"width\":1340,\"height\":915,\"caption\":\"Olga Pasiecznik. Fot. Andrzej \u015awietlik\"},{\"@type\":\"BreadcrumbList\",\"@id\":\"https:\/\/operakrolewska.pl\/en\/artysci\/olga-pasiecznik\/#breadcrumb\",\"itemListElement\":[{\"@type\":\"ListItem\",\"position\":1,\"name\":\"Strona g\u0142\u00f3wna\",\"item\":\"https:\/\/operakrolewska.pl\/en\/\"},{\"@type\":\"ListItem\",\"position\":2,\"name\":\"artysci\",\"item\":\"https:\/\/operakrolewska.pl\/en\/artysci\/\"},{\"@type\":\"ListItem\",\"position\":3,\"name\":\"OLGA PASIECZNIK\"}]},{\"@type\":\"WebSite\",\"@id\":\"https:\/\/operakrolewska.pl\/#website\",\"url\":\"https:\/\/operakrolewska.pl\/\",\"name\":\"Polska Opera Kr&oacute;lewska\",\"description\":\"Polska Opera Kr&oacute;lewska\",\"publisher\":{\"@id\":\"https:\/\/operakrolewska.pl\/#organization\"},\"potentialAction\":[{\"@type\":\"SearchAction\",\"target\":{\"@type\":\"EntryPoint\",\"urlTemplate\":\"https:\/\/operakrolewska.pl\/?s={search_term_string}\"},\"query-input\":{\"@type\":\"PropertyValueSpecification\",\"valueRequired\":true,\"valueName\":\"search_term_string\"}}],\"inLanguage\":\"en-US\"},{\"@type\":\"Organization\",\"@id\":\"https:\/\/operakrolewska.pl\/#organization\",\"name\":\"Polska Opera Kr\u00f3lewska\",\"url\":\"https:\/\/operakrolewska.pl\/\",\"logo\":{\"@type\":\"ImageObject\",\"inLanguage\":\"en-US\",\"@id\":\"https:\/\/operakrolewska.pl\/#\/schema\/logo\/image\/\",\"url\":\"https:\/\/operakrolewska.pl\/wp-content\/uploads\/2017\/12\/logo-pok-czerwone_rgb-e1583499221374.jpg\",\"contentUrl\":\"https:\/\/operakrolewska.pl\/wp-content\/uploads\/2017\/12\/logo-pok-czerwone_rgb-e1583499221374.jpg\",\"width\":250,\"height\":108,\"caption\":\"Polska Opera Kr\u00f3lewska\"},\"image\":{\"@id\":\"https:\/\/operakrolewska.pl\/#\/schema\/logo\/image\/\"},\"sameAs\":[\"https:\/\/web.facebook.com\/PolskaOperaKrolewska\/\"]}]}<\/script>\n<!-- \/ Yoast SEO plugin. -->","yoast_head_json":{"title":"OLGA PASIECZNIK - Polska Opera Kr&oacute;lewska","robots":{"index":"index","follow":"follow","max-snippet":"max-snippet:-1","max-image-preview":"max-image-preview:large","max-video-preview":"max-video-preview:-1"},"canonical":"https:\/\/operakrolewska.pl\/en\/artysci\/olga-pasiecznik\/","og_locale":"en_US","og_type":"article","og_title":"OLGA PASIECZNIK - Polska Opera Kr&oacute;lewska","og_description":"Soprano. After graduating from the Kyiv Conservatory she continued her musical education on a post-graduate course at the Fryderyk Chopin University of Music in Warsaw. In 1992, she made her debut on the stage of the Warsaw Chamber Opera, and four years later at the Th\u00e9\u00e2tre des Champs-Elys\u00e9es as Pamina in Mozart\u2019s The Magic Flute. [&hellip;]","og_url":"https:\/\/operakrolewska.pl\/en\/artysci\/olga-pasiecznik\/","og_site_name":"Polska Opera Kr&oacute;lewska","article_publisher":"https:\/\/web.facebook.com\/PolskaOperaKrolewska\/","article_modified_time":"2020-12-18T11:50:40+00:00","og_image":[{"width":1340,"height":915,"url":"https:\/\/operakrolewska.pl\/wp-content\/uploads\/2019\/02\/img_6463.jpg","type":"image\/jpeg"}],"twitter_card":"summary_large_image","twitter_misc":{"Est. reading time":"2 minutes"},"schema":{"@context":"https:\/\/schema.org","@graph":[{"@type":"WebPage","@id":"https:\/\/operakrolewska.pl\/en\/artysci\/olga-pasiecznik\/","url":"https:\/\/operakrolewska.pl\/en\/artysci\/olga-pasiecznik\/","name":"OLGA PASIECZNIK - Polska Opera Kr&oacute;lewska","isPartOf":{"@id":"https:\/\/operakrolewska.pl\/#website"},"primaryImageOfPage":{"@id":"https:\/\/operakrolewska.pl\/en\/artysci\/olga-pasiecznik\/#primaryimage"},"image":{"@id":"https:\/\/operakrolewska.pl\/en\/artysci\/olga-pasiecznik\/#primaryimage"},"thumbnailUrl":"https:\/\/operakrolewska.pl\/wp-content\/uploads\/2019\/02\/img_6463.jpg","datePublished":"2019-02-17T20:42:51+00:00","dateModified":"2020-12-18T11:50:40+00:00","breadcrumb":{"@id":"https:\/\/operakrolewska.pl\/en\/artysci\/olga-pasiecznik\/#breadcrumb"},"inLanguage":"en-US","potentialAction":[{"@type":"ReadAction","target":["https:\/\/operakrolewska.pl\/en\/artysci\/olga-pasiecznik\/"]}]},{"@type":"ImageObject","inLanguage":"en-US","@id":"https:\/\/operakrolewska.pl\/en\/artysci\/olga-pasiecznik\/#primaryimage","url":"https:\/\/operakrolewska.pl\/wp-content\/uploads\/2019\/02\/img_6463.jpg","contentUrl":"https:\/\/operakrolewska.pl\/wp-content\/uploads\/2019\/02\/img_6463.jpg","width":1340,"height":915,"caption":"Olga Pasiecznik. Fot. Andrzej \u015awietlik"},{"@type":"BreadcrumbList","@id":"https:\/\/operakrolewska.pl\/en\/artysci\/olga-pasiecznik\/#breadcrumb","itemListElement":[{"@type":"ListItem","position":1,"name":"Strona g\u0142\u00f3wna","item":"https:\/\/operakrolewska.pl\/en\/"},{"@type":"ListItem","position":2,"name":"artysci","item":"https:\/\/operakrolewska.pl\/en\/artysci\/"},{"@type":"ListItem","position":3,"name":"OLGA PASIECZNIK"}]},{"@type":"WebSite","@id":"https:\/\/operakrolewska.pl\/#website","url":"https:\/\/operakrolewska.pl\/","name":"Polska Opera Kr&oacute;lewska","description":"Polska Opera Kr&oacute;lewska","publisher":{"@id":"https:\/\/operakrolewska.pl\/#organization"},"potentialAction":[{"@type":"SearchAction","target":{"@type":"EntryPoint","urlTemplate":"https:\/\/operakrolewska.pl\/?s={search_term_string}"},"query-input":{"@type":"PropertyValueSpecification","valueRequired":true,"valueName":"search_term_string"}}],"inLanguage":"en-US"},{"@type":"Organization","@id":"https:\/\/operakrolewska.pl\/#organization","name":"Polska Opera Kr\u00f3lewska","url":"https:\/\/operakrolewska.pl\/","logo":{"@type":"ImageObject","inLanguage":"en-US","@id":"https:\/\/operakrolewska.pl\/#\/schema\/logo\/image\/","url":"https:\/\/operakrolewska.pl\/wp-content\/uploads\/2017\/12\/logo-pok-czerwone_rgb-e1583499221374.jpg","contentUrl":"https:\/\/operakrolewska.pl\/wp-content\/uploads\/2017\/12\/logo-pok-czerwone_rgb-e1583499221374.jpg","width":250,"height":108,"caption":"Polska Opera Kr\u00f3lewska"},"image":{"@id":"https:\/\/operakrolewska.pl\/#\/schema\/logo\/image\/"},"sameAs":["https:\/\/web.facebook.com\/PolskaOperaKrolewska\/"]}]}},"taxonomy_info":[],"featured_image_src_large":["https:\/\/operakrolewska.pl\/wp-content\/uploads\/2019\/02\/img_6463-1024x699.jpg",640,437,true],"author_info":[],"comment_info":"","_links":{"self":[{"href":"https:\/\/operakrolewska.pl\/en\/wp-json\/wp\/v2\/artysci\/17494","targetHints":{"allow":["GET"]}}],"collection":[{"href":"https:\/\/operakrolewska.pl\/en\/wp-json\/wp\/v2\/artysci"}],"about":[{"href":"https:\/\/operakrolewska.pl\/en\/wp-json\/wp\/v2\/types\/artysci"}],"wp:featuredmedia":[{"embeddable":true,"href":"https:\/\/operakrolewska.pl\/en\/wp-json\/wp\/v2\/media\/9628"}],"wp:attachment":[{"href":"https:\/\/operakrolewska.pl\/en\/wp-json\/wp\/v2\/media?parent=17494"}],"curies":[{"name":"wp","href":"https:\/\/api.w.org\/{rel}","templated":true}]}}

<p>Soprano. After graduating from the Kyiv Conservatory she continued her musical education on a post-graduate course at the Fryderyk Chopin University of Music in Warsaw.</p>
<p>In 1992, she made her debut on the stage of the Warsaw Chamber Opera, and four years later at the Théâtre des Champs-Elysées as Pamina in Mozart’s <i>The Magic Flute</i>. Olga Pasiecznik has performed in operas on the most famous and prestigious stages of the world. She’s appeared in over forty roles, in operas by Monteverdi, Gluck, Handel, Mozart, Weber, Bizet, Rossini, Verdi, Puccini, Debussy, Tchaikovsky, and contemporary composers. Her performance won her public and critical acclaim.</p>
<p>She also appears in chamber repertoire, oratorios, and symphonic works in famous concert halls in almost every European country, USA, Canada, China, Japan, and Australia. Her sister, pianist Natalia Pasiecznik, accompanies Olga during her numerous solo recitals.</p>
<p>She has frequently performed with the most acclaimed orchestras from Poland and all over the world, e.g. the Boston Symphony Orchestra (USA), the Belgian National Symphonic Orchestra, the Orquestra Nacional de España and Orquesta Sinfónica de RTVE (Spain), the English Concert, the Wiener Symphoniker, the Orchestre Philharmonique de Radio France, the Orchestre National de France, Les Musiciens du Louvre-Grenoble (France), Akademie für Alte Musik Berlin, the Freiburger Barockorchester, the Orchestra of the Eighteenth Century. She’s worked with many esteemed conductors, such as I. Bolton, F. Brüggen, J.-C. Casadesus, M. Creed, Ch. Dutoit, R. Jacobs, R. Goodman, Ch. Hogwood, H. Holliger, Ph. Herreweghe, J. Kaspszyk, K. Kord, J. Maksymiuk, J.-C. Malgoire, M. Minkowski, K. Ono, A. Parrott, K. Penderecki, T. Pinnock, M. Viotti, A. Wit, M. Zanetti.<span class="Apple-converted-space">   </span></p>
<p>Her phonographic output includes over 50 CDs and DVDs, recorded for the CD Accord, Dabringhaus und Grimm, Harmonia Mundi, Naxos, Opus 111, and other publishing companies.</p>
<p>Olga Pasiecznik is a laureate of international singing competitions: in s’Hertogenbosch in the Netherlands, the Mirjam Helin Singing Competition in Helsinki, and the<span class="Apple-converted-space">  </span>Queen Elizabeth Competition in Brussels. The artist has also won many awards in Poland: the Polityka Passport Award (1997), the Fryderyk award for the best solo recording (1997, 2004), the Orpheus award at the Warsaw Autumn festival (1999), the Gold Cross of Merit (2001), and the A. Hiolski award for the best female opera role (2004). In 2005 and 2012 she was nominated by the international opera magazine “Opernwelt” for the title of “The Best Female Singer of the Year”. In 2011, she received the annual Award of the Minister of Culture and National Heritage, and in 2012 she was awarded the Order of Merit of the Republic of Poland.</p>
<p>She is a soloist at the Polish Royal Opera.</p>
<p>&nbsp;</p>
<p>Photo by Andrzej Świetlik</p>

<!-- This site is optimized with the Yoast SEO plugin v26.2 - https://yoast.com/wordpress/plugins/seo/ -->
<title>OLGA PASIECZNIK - Polska Opera Kr&oacute;lewska</title>
<meta name="robots" content="index, follow, max-snippet:-1, max-image-preview:large, max-video-preview:-1" />
<link rel="canonical" href="https://operakrolewska.pl/en/artysci/olga-pasiecznik/" />
<meta property="og:locale" content="en_US" />
<meta property="og:type" content="article" />
<meta property="og:title" content="OLGA PASIECZNIK - Polska Opera Kr&oacute;lewska" />
<meta property="og:description" content="Soprano. After graduating from the Kyiv Conservatory she continued her musical education on a post-graduate course at the Fryderyk Chopin University of Music in Warsaw. In 1992, she made her debut on the stage of the Warsaw Chamber Opera, and four years later at the Théâtre des Champs-Elysées as Pamina in Mozart’s The Magic Flute. [&hellip;]" />
<meta property="og:url" content="https://operakrolewska.pl/en/artysci/olga-pasiecznik/" />
<meta property="og:site_name" content="Polska Opera Kr&oacute;lewska" />
<meta property="article:publisher" content="https://web.facebook.com/PolskaOperaKrolewska/" />
<meta property="article:modified_time" content="2020-12-18T11:50:40+00:00" />
<meta property="og:image" content="https://operakrolewska.pl/wp-content/uploads/2019/02/img_6463.jpg" />
	<meta property="og:image:width" content="1340" />
	<meta property="og:image:height" content="915" />
	<meta property="og:image:type" content="image/jpeg" />
<meta name="twitter:card" content="summary_large_image" />
<meta name="twitter:label1" content="Est. reading time" />
	<meta name="twitter:data1" content="2 minutes" />
<script type="application/ld+json" class="yoast-schema-graph">{"@context":"https://schema.org","@graph":[{"@type":"WebPage","@id":"https://operakrolewska.pl/en/artysci/olga-pasiecznik/","url":"https://operakrolewska.pl/en/artysci/olga-pasiecznik/","name":"OLGA PASIECZNIK - Polska Opera Kr&oacute;lewska","isPartOf":{"@id":"https://operakrolewska.pl/#website"},"primaryImageOfPage":{"@id":"https://operakrolewska.pl/en/artysci/olga-pasiecznik/#primaryimage"},"image":{"@id":"https://operakrolewska.pl/en/artysci/olga-pasiecznik/#primaryimage"},"thumbnailUrl":"https://operakrolewska.pl/wp-content/uploads/2019/02/img_6463.jpg","datePublished":"2019-02-17T20:42:51+00:00","dateModified":"2020-12-18T11:50:40+00:00","breadcrumb":{"@id":"https://operakrolewska.pl/en/artysci/olga-pasiecznik/#breadcrumb"},"inLanguage":"en-US","potentialAction":[{"@type":"ReadAction","target":["https://operakrolewska.pl/en/artysci/olga-pasiecznik/"]}]},{"@type":"ImageObject","inLanguage":"en-US","@id":"https://operakrolewska.pl/en/artysci/olga-pasiecznik/#primaryimage","url":"https://operakrolewska.pl/wp-content/uploads/2019/02/img_6463.jpg","contentUrl":"https://operakrolewska.pl/wp-content/uploads/2019/02/img_6463.jpg","width":1340,"height":915,"caption":"Olga Pasiecznik. Fot. Andrzej Świetlik"},{"@type":"BreadcrumbList","@id":"https://operakrolewska.pl/en/artysci/olga-pasiecznik/#breadcrumb","itemListElement":[{"@type":"ListItem","position":1,"name":"Strona główna","item":"https://operakrolewska.pl/en/"},{"@type":"ListItem","position":2,"name":"artysci","item":"https://operakrolewska.pl/en/artysci/"},{"@type":"ListItem","position":3,"name":"OLGA PASIECZNIK"}]},{"@type":"WebSite","@id":"https://operakrolewska.pl/#website","url":"https://operakrolewska.pl/","name":"Polska Opera Kr&oacute;lewska","description":"Polska Opera Kr&oacute;lewska","publisher":{"@id":"https://operakrolewska.pl/#organization"},"potentialAction":[{"@type":"SearchAction","target":{"@type":"EntryPoint","urlTemplate":"https://operakrolewska.pl/?s={search_term_string}"},"query-input":{"@type":"PropertyValueSpecification","valueRequired":true,"valueName":"search_term_string"}}],"inLanguage":"en-US"},{"@type":"Organization","@id":"https://operakrolewska.pl/#organization","name":"Polska Opera Królewska","url":"https://operakrolewska.pl/","logo":{"@type":"ImageObject","inLanguage":"en-US","@id":"https://operakrolewska.pl/#/schema/logo/image/","url":"https://operakrolewska.pl/wp-content/uploads/2017/12/logo-pok-czerwone_rgb-e1583499221374.jpg","contentUrl":"https://operakrolewska.pl/wp-content/uploads/2017/12/logo-pok-czerwone_rgb-e1583499221374.jpg","width":250,"height":108,"caption":"Polska Opera Królewska"},"image":{"@id":"https://operakrolewska.pl/#/schema/logo/image/"},"sameAs":["https://web.facebook.com/PolskaOperaKrolewska/"]}]}</script>
<!-- / Yoast SEO plugin. -->

Soprano. After graduating from the Kyiv Conservatory she continued her musical education on a post-graduate course at the Fryderyk Chopin University of Music in Warsaw. In 1992, she made her debut on the stage of the Warsaw Chamber Opera, and four years later at the Théâtre des Champs-Elysées as Pamina in Mozart’s The Magic Flute. [&hellip;]

Olga Pasiecznik. Fot. Andrzej Świetlik

Strona główna

Polska Opera Królewska
